
311
In base 11, what is 1362 - 3?
135a
In base 15, what is 6 + -385?
-37e
In base 12, what is -4 - -6?
2
In base 14, what is 7b - 3?
78
In base 16, what is c + 3b5?
3c1
In base 11, what is -a8 - 5?
-102
In base 10, what is 35 + -190?
-155
In base 8, what is 241 - -5?
246
In base 5, what is 0 - 14233?
-14233
In base 2, what is 100111101 - 1000?
100110101
In base 13, what is 210 + 3?
213
In base 2, what is -10 + -10010111?
-10011001
In base 11, what is 83 - 0?
83
In base 14, what is -202 + -3?
-205
In base 12, what is -40 + -3?
-43
In base 4, what is 2 - 321?
-313
In base 15, what is -9 - -6?
-3
In base 7, what is 153 - -3?
156
In base 15, what is 1b5 + 4?
1b9
In base 14, what is -4d8 + -2?
-4da
In base 10, what is -33 + -1?
-34
In base 5, what is 12 + -31333?
-31321
In base 16, what is -59 + -4?
-5d
In base 14, what is a4 + 15?
b9
In base 3, what is -1021 - 22201?
-100222
In base 16, what is 80 - 3?
7d
In base 5, what is 0 - 31?
-31
In base 16, what is -e - c?
-1a
In base 3, what is -1121 - 11?
-1202
In base 15, what is 2e + -3?
2b
In base 16, what is 3 - -2c?
2f
In base 13, what is 1b6 - -3?
1b9
In base 16, what is 68 + 1?
69
In base 14, what is 27 + 1?
28
In base 13, what is 142 + -4?
13b
In base 13, what is -176 - -3?
-173
In base 6, what is 0 + 2025?
2025
In base 9, what is -3 + -826?
-830
In base 16, what is 508 + -7?
501
In base 11, what is 2a - -13?
42
In base 5, what is 104444 - 3?
104441
In base 16, what is 33 - 0?
33
In base 15, what is 3 + 2?
5
In base 2, what is -100101 - 1101010?
-10001111
In base 8, what is -22 - -5?
-15
In base 10, what is -2 - 1477?
-1479
In base 10, what is 617 - 16?
601
In base 7, what is -3 + 40?
34
In base 6, what is 30242 + 2?
30244
In base 6, what is -133 - -2?
-131
In base 9, what is -61 + -1?
-62
In base 9, what is -5202 - 2?
-5204
In base 2, what is 111 - -10000101?
10001100
In base 11, what is a751 + -3?
a749
In base 2, what is -11000 + 110001010?
101110010
In base 3, what is 1011 - 110122?
-102111
In base 3, what is 1102 - -11?
1120
In base 2, what is -11 + 110001001?
110000110
In base 7, what is -16 - -3?
-13
In base 7, what is 30 - -13?
43
In base 13, what is -4 - a6?
-aa
In base 2, what is -100001010 - -1011?
-11111111
In base 15, what is 10 - 4?
b
In base 13, what is 48 + -6?
42
In base 2, what is -101 + -1011111?
-1100100
In base 5, what is 24 + 101?
130
In base 14, what is -1 - -d2?
d1
In base 5, what is 10 - -1321?
1331
In base 11, what is 3 - 3251?
-3249
In base 2, what is -110001011 - -10?
-110001001
In base 6, what is -2 + -12252?
-12254
In base 7, what is 4 - 15?
-11
In base 9, what is -13 - -625?
612
In base 6, what is 0 + -35?
-35
In base 15, what is -1cb + 4?
-1c7
In base 9, what is 113 - -17?
131
In base 14, what is 1b + 8?
25
In base 16, what is 5 - -62?
67
In base 9, what is 1 - 5721?
-5720
In base 16, what is -9b6 - 2?
-9b8
In base 12, what is 2b8 + 8?
304
In base 3, what is 10120 + 102?
10222
In base 9, what is 7 + 42?
50
In base 7, what is 126253 + -4?
126246
In base 15, what is -155 - -5?
-150
In base 8, what is 15316 - -5?
15323
In base 11, what is 5 - -2a?
34
In base 8, what is 0 - 1373?
-1373
In base 8, what is 5 - -31?
36
In base 11, what is -17a - 1?
-180
In base 13, what is -14 + -77?
-8b
In base 6, what is 2 + -132?
-130
In base 10, what is 39 - 3?
36
In base 5, what is -10 - -112424?
112414
In base 12, what is -71 - -20?
-51
In base 12, what is 3 - 10b?
-108
In base 12, what is -4 - -a37?
a33
In base 7, what is -1140 - 4?
-1144
In base 3, what is 200 + 2?
202
In base 5, what is -4 - 1212?
-1221
In base 10, what is -11 + -125?
-136
In base 16, what is 11b7 - 1?
11b6
In base 12, what is -79 + -7?
-84
In base 11, what is -2 + -160?
-162
In base 11, what is -1 + 35?
34
In base 8, what is 233 + 14?
247
In base 8, what is -113 + 1?
-112
In base 7, what is -414 - -326?
-55
In base 3, what is 21000 - 2?
20221
In base 13, what is -161 + -54?
-1b5
In base 7, what is 125 + -65?
30
In base 6, what is -112 - -3?
-105
In base 11, what is 33 + -a?
24
In base 15, what is -4b13 + 1?
-4b12
In base 9, what is 765 + -3?
762
In base 12, what is 5 - -25?
2a
In base 6, what is 2 - -250?
252
In base 3, what is 1221 - 11?
1210
In base 2, what is 0 + 101001111?
101001111
In base 14, what is 4 - -2d6?
2da
In base 10, what is 0 - 73?
-73
In base 2, what is -10000 + -1010?
-11010
In base 3, what is 1 + -101000102?
-101000101
In base 12, what is 28 + -6?
22
In base 6, what is -11 - -43?
32
In base 2, what is 1000000110 + -101100?
111011010
In base 14, what is 41 + -59?
-18
In base 14, what is 56 - 1a?
3a
In base 16, what is -7f + 18?
-67
In base 2, what is 1110 - 110?
1000
In base 5, what is -31121 - 10?
-31131
In base 5, what is 1424 + 0?
1424
In base 9, what is -25 + 15?
-10
In base 14, what is -47c2 + 0?
-47c2
In base 6, what is 11024 + -4?
11020
In base 8, what is -432 - -3?
-427
In base 2, what is 10011100 - -1000000?
11011100
In base 13, what is 13 + -3?
10
In base 11, what is -230 + -4?
-234
In base 3, what is 1021202 - 11?
1021121
In base 6, what is -4544 - -4?
-4540
In base 5, what is 41430 - -4?
41434
In base 11, what is a489 + -3?
a486
In base 6, what is -32 + -2?
-34
In base 2, what is 10 - -1010011?
1010101
In base 3, what is -11110 - -1002?
-10101
In base 6, what is -3 + 34321?
34314
In base 15, what is 0 - 200?
-200
In base 14, what is -753 - -4?
-74d
In base 8, what is -5 + -246?
-253
In base 10, what is -3 - -6?
3
In base 16, what is -4 - 89?
-8d
In base 4, what is 211021 + 1?
211022
In base 3, what is 120001 + -1?
120000
In base 2, what is 101 - -1111?
10100
In base 12, what is 2 - -20b?
211
In base 12, what is -950 + 3?
-949
In base 6, what is -2353 + -12?
-2405
In base 13, what is 114 - 2?
112
In base 9, what is -1 + -377?
-378
In base 13, what is ca + -1?
c9
In base 16, what is 4 - 18?
-14
In base 6, what is 3 - 320?
-313
In base 10, what is -1499 + -14?
-1513
In base 12, what is -10 - 6?
-16
In base 5, what is -1 - 42313?
-42314
In base 11, what is -20a + -13?
-222
In base 7, what is 13 + 105?
121
In base 14, what is -83 + 0?
-83
In base 2, what is 100001010000 - 0?
100001010000
In base 6, what is 4 - -1035?
1043
In base 3, what is -111 + 122?
11
In base 12, what is 1a - 5?
15
In base 10, what is -116 + -21?
-137
In base 16, what is 1ee3 - 5?
1ede
In base 13, what is 0 + 1b4?
1b4
In base 9, what is 263 - 11?
252
In base 10, what is -218 - 2?
-220
In base 13, what is -73 + 8?
-68
In base 4, what is 3010202 + -11?
3010131
In base 13, what is 4 - -6b?
72
In base 9, what is -54 - -1?
-53
In base 3, what is 22 + -12002111?
-12002012
In base 15, what is -1 + -162?
-163
In base 4, what is 10022 + -21?
10001
In base 13, what is 247 + 2b?
275
In base 15, what is 62 - -25?
87
In base 16, what is 2 - -2?
4
In base 4, what is 0 - -1113?
1113
In base 9, what is 5 - -174?
180
In base 7, what is -2 - 6430?
-6432
In base 5, what is -4 - -2401?
2342
In base 4, what is 1 + 1202?
1203
In base 7, what is 1 + -13?
-12
In base 16, what is 5988 - 5?
5983
In base 5, what is -1 - 100?
-101
In base 4, what is -10 + -201?
-211
In base 3, what is -121211 - -2?
-121202
In base 12, what is -5 - -929?
924
In base 16, what is 2 - -1e5?
1e7
In base 5, what is -1 + 111?
110
In base 13, what is 3 + 7?
a
In base 6, what is 1121 - 0?
1121
In base 9, what is 105 - -72?
177
In base 16, what is -1 - 54c?
-54d
In base 15, what is -438 - -2?
-436
In base 8, what is 11 + -4637?
-4626
In base 6, what is -100510 - -3?
-100503
In base 6, what is 1 - -1312?
1313
In base 3, what is -12000022 - 12?
-12000111
In base 8, what is -331 - -3?
-326
In base 2, what is -11 - 10100000?
-10100011
In base 9, what is 8261 - -3?
8264
In base 14, what is d49 + 5?
d50
In base 12, what is 3 - 76b?
-768
In base 15, what is 0 - 68a?
-68a
In base 9, what is -36 - -4?
-32
In base 8, what is 155 - -1?
156
In base 9, what is -5 - 4004?
-4010
In base 15, what is -6 - 1a7?
-1ad
In base 11, what is -24 + 14?
-10
In base 12, what is -309 - 3?
-310
In base 9, what is 11 + 23?
34
In base 14, what is 5 + -5c?
-57
In base 13, what is 6 + 77?
80
In base 4, what is -1232 + 320?
-312
In base 7, what is 3 + -330?
-324
In base 7, what is 62 - 2401?
-2306
In base 12, what is -b1 + -3?
-b4
In base 6, what is 3 - 1101?
-1054
In base 6, what is 102 - 252?
-150
